 288, -2*r + 186 = -4*k - 126. What is the remainder when 882 is divided by r?
142
Suppose 21*a + 2*a = 0. Suppose a = -41*k + 391 + 265. What is the remainder when 302 is divided by k?
14
Let t = -14733 - -14749. Calculate the remainder when t is divided by 5.
1
Suppose -5*g - 37 = -3*v - 7, -4*g - 63 = -5*v. Suppose 86 = v*f - 49. Calculate the remainder when 71 is divided by f.
8
Suppose -10*d - 346 = -836. Suppose -54*v + 170 = -d*v. Calculate the remainder when 164 is divided by v.
28
Suppose 6*n - 10*n + 30*n - 1352 = 0. Calculate the remainder when 2817 is divided by n.
9
Suppose 0*w + 3*w = 57. Let i(h) = -5*h - 101. Suppose 2*o - 160 = -238. Calculate the remainder when i(o) is divided by w.
18
Let p(j) = -3*j**2 - 44*j + 2. Let o(y) = 6*y - 2. Let k be o(-2). Calculate the remainder when 43 is divided by p(k).
13
Let m = 153 - 144. Suppose 239 = m*f - 103. Calculate the remainder when 163 is divided by f.
11
Let c(q) = q + 12. Suppose -16*n + 3*n + 67*n - 2484 = 0. Calculate the remainder when n is divided by c(0).
10
Let a = -788 - -1109. What is the remainder when a is divided by 27?
24
Let v(g) = g**3 + 6*g**2 + 8*g + 8. Let w be v(-4). Let i be 57/(-12)*-13 - (-2)/w. Suppose i = 8*o - 154. What is the remainder when o is divided by 15?
12
Let c(t) = t**2 - 87*t + 708. Suppose -j - 2*h = -12, -j + 0*j = -2*h - 24. What is the remainder when j is divided by c(9)?
0
Let o = 1233 + -1126. Calculate the remainder when 1170 is divided by o.
100
Suppose -8 = -3*s + 19. Suppose 0 = -s*u - u + 270. Calculate the remainder when u is divided by 14.
13
Let f(m) = -m**2 - 4*m - 2. Let s be f(-2). Let k be s/7 + ((-37)/(-7))/(-1). Calculate the remainder when (1 - 0)/(6/(-210)*k) is divided by 3.
1
Let p = -34850 - -34869. What is the remainder when 1 + (-1 - 1) - -92 is divided by p?
15
Suppose z - 23 = 2*u - 6*u, 26 = z + u. Let j(l) = l**3 - 29*l**2 + 60*l - 5. Calculate the remainder when j(z) is divided by 16.
13
Let i = 40790 + -40781. Suppose 3*a - 5*r = 54, 6*r - 2*r = -3*a + 27. What is the remainder when a is divided by i?
4
Let l(q) = 9*q + 47. Let a be l(-5). What is the remainder when -2*2285/10*a/(-2) is divided by 23?
20
Suppose 0 = -4*d - w + 596, -8*d + 296 = -6*d + w. What is the remainder when 568 is divided by d?
118
What is the remainder when (-13 - (-3 + -1)) + (29 - -420) is divided by 296?
144
Let y = 45 - 43. Let b(t) = 81*t**y - 89*t**2 + 7*t + 2*t - t**3 + 20. Calculate the remainder when 38 is divided by b(-9).
18
Let a(d) = d**2 - 122*d + 2802. Let x(i) = i + 4. Calculate the remainder when a(92) is divided by x(5).
6
Suppose -3*p + 3*x + 477 = 0, -4*p = -2*x + 5*x - 629. What is the remainder when p is divided by (1/(((-115)/42)/23))/(6/(-20))?
18
Suppose 0 = -1047*a + 1048*a - 12. Suppose -1217 = -a*g + 1111. What is the remainder when g is divided by 28?
26
Let n be 70/(-42) + -2 + (-8)/(-3). Let o be (n - 1)*98/2. Let u = o + 101. Calculate the remainder when 10 is divided by u.
1
Let t = -63 - -69. Suppose -2*j + 3*j = -3*a + 8, 0 = a + 5*j + 16. What is the remainder when t is divided by a/10*(-60)/(-8)?
0
Suppose -784 = -5*k + 3*r, 45*k - 46*k - 3*r = -146. Calculate the remainder when k is divided by 47.
14
Let c = -2579 - -2582. Calculate the remainder when 306 is divided by c.
0
Let w(b) = 7*b**2 - 6*b + 2. Let y be w(4). Suppose -15*j + 21*j - y = 0. Suppose -3*i = -2*i - 118. What is the remainder when i is divided by j?
13
Let u = -32 - -133. Calculate the remainder when 197 is divided by u.
96
Let c = -41 + 111. Let j(t) = 5*t**2 - 63*t - 14. Let q be (40/(-3))/(-1) + 18/(-54). Calculate the remainder when c is divided by j(q).
10
Let f be 2/(-3) + 195/9 + -7. Calculate the remainder when 18 is divided by 4/f - (-340)/105*3.
8
Let x(o) = 2*o**2 + 8*o + 58. Let n be x(-7). Suppose -4*z + n = -2*t, 5*t + 85 = 5*z - 50. What is the remainder when z is divided by 4?
3
Suppose -3*o = 3*t - 87, -3*o = 35*t - 40*t + 137. What is the remainder when 73 is divided by t?
17
Suppose 10*y + 215*y = 10*y + 3870. Calculate the remainder when (1 - 1)/(-2) + 61 is divided by y.
7
Suppose 0 = 8*v - 6*v - 4. Let h be (-2*1/v)/((-5)/(-15)). What is the remainder when (h - 30/(-8))/(1/40) is divided by 19?
11
Let j(u) = 7*u + 23*u**2 + 20*u**2 + 25*u**2 - 61 - 67*u**2 + 24*u. Suppose -2*w + 6 = -0*w. What is the remainder when j(-33) is divided by w?
2
Let w(n) = 3*n**3 + 41*n**2 - 30*n - 20. What is the remainder when w(-13) is divided by 60?
48
Let r be (-2827)/(-6) + (-19)/114. Let o = 557 - r. Calculate the remainder when o is divided by 15.
11
Let w be ((-7)/(-3))/(5/(-15)). Let y = w - -18. What is the remainder when (-4)/10 + 885/25 + 6 is divided by y?
8
Suppose -2*n = -13*n + 297. Let b = n + 10. Suppose 2*m + 3*m = -d + b, -3*m + 18 = 2*d. Calculate the remainder when 21 is divided by m.
5
Suppose -2*i - 165 = -2*h + 3*i, 0 = 4*h - 5*i - 335. Suppose 11*x - 223 = h. Calculate the remainder when x is divided by (-2)/2 - (126/(-7) - -7).
8
Let l = -5608 + 5611. What is the remainder when 1473 is divided by l?
0
Let y(a) = -4*a**3 - 16*a**2 + 38*a + 27. Suppose 5*b = 3*b + 22. What is the remainder when y(-6) is divided by b?
10
Let d = 1558 + -1330. What is the remainder when 5013 is divided by d?
225
Let i(x) = -x**2 + 5*x + 39. Let o be i(9). Suppose 8*l = o*r + 6*l - 39, -5*r + 65 = -5*l. What is the remainder when 37 is divided by r?
11
Let m = 765582 - 765562. Let x(l) = l**3 + 5*l**2 - 2*l - 6. Let t be x(-4). Let i = -11 + t. Calculate the remainder when m is divided by i.
6
What is the remainder when 7/70 - (-4)/(-80)*-51998 is divided by 42?
38
Suppose 5*s = 2*s + 2*v + 40, -3*s - v = -25. Suppose -4*z + 42 = -2*q + s, -10 = z - 5*q. Calculate the remainder when 22 + (-14)/5 + (-3)/15 is divided by z.
9
Let z = -69 + 76. Calculate the remainder when 75 is divided by z - (-2 + 5 + -7).
9
Suppose -p - 83 = 3*d, d + 11 = 4*p - p. Let y = 88 + d. Calculate the remainder when y is divided by 32/(15/20*8/3).
14
Let c(f) = 6*f**3 - 12*f + 11. Let y be c(1). Suppose -y*h + 4*m = -60, -6*m - 2 = h - 4*m. What is the remainder when 21 is divided by h?
5
Let x = 52 - -6. Suppose 0 = 3*k + r - 39, -51*k - 2*r = -47*k - 54. What is the remainder when x is divided by k?
10
What is the remainder when (-4)/16*20*-11 is divided by (-60)/(-45) - 4/(-6)?
1
Let a(t) = 50*t**2 + 53*t - 56. What is the remainder when a(9) is divided by 71?
69
Let m = -344 - -535. Let u = -72 + m. Calculate the remainder when u is divided by 24.
23
Let g = 1658 - 1016. Let p = -637 + g. What is the remainder when 103 is divided by p?
3
Suppose 41643 = 189*x - 49077. Let s = -74 - -111. Calculate the remainder when x is divided by s.
36
Suppose -5 = -p + 51. Suppose 0 = -171*d + 178*d - p. What is the remainder when 47 is divided by d?
7
Let x(k) = -6*k**3 - 8*k**2 - 18*k + 111. What is the remainder when x(-6) is divided by 15?
12
Suppose 2014 = 4*u + 3*p, 15*u - 11*u = -p + 2010. What is the remainder when u is divided by 102?
94
Suppose b + y - 10 = 0, 8*b - 2*y + 11 = 9*b. Let a = b + 10. Let i(m) = 4*m + 8. What is the remainder when i(7) is divided by a?
17
Suppose -y = w - 44, 2*w = 2*y + 79 + 17. Suppose 1109 + w = 5*i. Calculate the remainder when i is divided by 78.
75
Let z(v) = -2*v**3 + 23*v**2 + 17*v + 2. Suppose -4*r = -3*n - 163, -2*r - 4*n + 81 = -5*n. Calculate the remainder when z(12) is divided by r.
22
Let j be 1*22 + (-6)/(-18)*-6. Suppose -j*k - 3930 = -50*k. Calculate the remainder when k is divided by 33.
32
Suppose -14191*i + 14201*i = 2470. What is the remainder when 3951 is divided by i?
246
What is the remainder when -3 - ((-6044)/(-8) + (-3 - 3))*-2 is divided by 150?
146
Let i(d) = -d + 4. Suppose -m - 6 = -3*r, 0 = 5*r - 5*m + m - 10. What is the remainder when i(-4) is divided by r?
0
Let i(r) = 6*r**2 + r. Suppose -o - o + 3*k = 0, 5*o + 38 = -2*k. Let c be (2 + 1)/(o/2). What is the remainder when 13 is divided by i(c)?
3
Calculate the remainder when 424 + (30/60)/((-1)/12) is divided by 5.
3
Let w = -2457 + 2910. What is the remainder when w is divided by 43?
23
Let p(b) = -b**3 + 5*b**2 - 7*b + 4. Let v be p(4). Let h = 78 - 74. What is the remainder when -2 - v/h - -3 is divided by 3?
0
Calculate the re